 13 - (-12 + (-7 - (-1 - 6)) + 8).
17
-31 - (-27 - (43 - 35))
4
What is the value of 9 - (11 - -5 - (1 + 11))?
5
Calculate -7 + -13 + (3 - (-24 - -1)).
6
Evaluate 3 + -1 + 1 - (-287 + 294).
-4
What is 10 + -9 - 6 - (-1 - 7)?
3
What is the value of -2 - (-1 + -9 + (8 - (0 + -20)))?
-20
What is the value of (1 - (-19 - -19)) + 1?
2
Calculate -6 + 20 - (1 + 3 - 6).
16
What is the value of (199 + -195 - (2 - -19)) + -12?
-29
(3 - (-39 - -30)) + -1 + 3
14
Evaluate -12 - (-33 - 31 - -30).
22
Calculate (-35 - 7) + -114 + 128.
-28
(-1 - 3) + 3 + -3 + 18
14
Evaluate 164 + -173 - (-3 - -3 - 0).
-9
What is (-1 - -4) + (-6 - -6 - 5) + 6?
4
3 + (18 + 0 - 6)
15
Evaluate -7 - ((21 + -36 - -11) + 2 + -1).
-4
What is -76 - (-13 + -30) - 2?
-35
What is (2 - 1) + (1 - -34 - 3) + -4?
29
Calculate ((11 - 5) + -15 - -3) + 6.
0
(-4 + 18 - 10) + -4
0
What is 24 - (32 + (17 - 6))?
-19
What is the value of -36 - 1 - (-44 + (-1 - -38))?
-30
What is the value of (3 - (-1 + -4)) + -11 + 9?
6
Evaluate -9 - (-6 - -3) - -7 - (1 + 6).
-6
Calculate -10 + (10 - 7 - -4) - (-4 - 0).
1
What is the value of 34 - ((13 - 51) + 58)?
14
-544 - -512 - (1 - 23)
-10
Evaluate -124 + 110 - (13 + 4 + -2).
-29
Calculate 106 - 101 - (-2 + 2 + -1) - 13.
-7
Calculate 2 + (3 - (14 - -1 - 4)) - -5.
-1
Calculate -11 - (-5 - (10 - -3)) - (0 + 14).
-7
What is -5 + 0 + -4 + 10 - 1 - -5?
5
What is the value of (-12 - ((-4 - 0) + -1) - 1) + 11?
3
What is 20 + (-16 - (20 - 44))?
28
What is the value of 16 - 18 - -3 - -15 - -13?
29
-9 - (-8 - (9 + 9 + -10))
7
Evaluate 16 + -3 - (-3 + -4 + 12) - -10.
18
(-3 - -22 - 2) + 27 + (22 - 58)
8
Evaluate 17 + -19 + 25 + -1.
22
What is the value of (35 - 40) + 3 + 2 - -15?
15
Calculate (-1 + 2 + 5 - 18) + 7.
-5
16 + -40 + (-5 - (2 + 5))
-36
Calculate 4 + 2 - (-1 - -20 - -4).
-17
What is (9 - 0 - 10) + 3 - (1 - 5)?
6
What is 8 - ((-19 - -41) + -6 + 3)?
-11
Calculate -4 + 36 + 225 + -233.
24
What is -5 + 6 - (-11 - (-5 - (-1 + -3)))?
11
Evaluate (5 + -3 - 16) + 23 + 27.
36
Evaluate (-5 + (4 - -39) - (11 - 6)) + 1.
34
What is -19 - -15 - (1 - 5 - 2)?
2
What is the value of -127 - -154 - (7 + 3 + -3)?
20
Calculate 1 + (-15 - (-9 + -1 + 5)).
-9
What is ((-3 - 1) + 6 - (2 - 2)) + 1?
3
What is the value of -144 - -145 - (1 + 10)?
-10
Calculate -2 + (3 - 3) + (0 - 5) + 0.
-7
Calculate -2 - (3 + -12 + 3 + 6).
-2
-3 + -4 + 5 + -12 + 1
-13
Calculate -39 + 46 - (0 + 21) - (-16 - -7).
-5
What is 0 + 1 - (5 + 1 - 11)?
6
((-9 - -12) + -9 - 2 - -3) + 4
-1
-2 - 9 - (-249 + 240)
-2
Evaluate (-9 + -15 - 7) + 22.
-9
What is -2 + -16 + 0 + 23?
5
What is 4 + -11 + (13 - 3) + -12?
-9
What is the value of (-71 - -45) + 33 + -1?
6
Evaluate 0 + (-1 - -9) - (-2 - 5).
15
What is the value of 1 + (16 - (31 - 8))?
-6
Calculate -47 + 30 + -8 - -24.
-1
-5 + (8 - 4 - 8) + 5 + 3
-1
Calculate 0 - -3 - (-3 - -23) - (-10 - -16).
-23
What is (4 - 27) + (37 - 17)?
-3
Calculate 25 + (-11 + -19 - 21).
-26
(783 - 808) + (3 - (-12 + -1))
-9
Calculate -52 - (-56 + 10) - (0 - 21).
15
Calculate -8 + 4 + -13 + 0.
-17
Evaluate -10 + (23 - -2) + 0 + -3.
12
0 + -10 + (10 - (5 - -2))
-7
Evaluate (-2 - 0) + 7 + -39 + 31.
-3
What is the value of (16 - 3) + -56 + 20 + 11?
-12
Evaluate (-11 - (-14 - (4 - 7))) + -10.
-10
What is the value of (-40 - -11) + 40 - (-1 - -34)?
-22
Evaluate 7 + -8 + 4 - (-1 - -4) - -1.
1
Calculate -8 - (0 - -3 - 14) - -4.
7
What is the value of (0 - (-7 + -4 + 13)) + -6 - 0?
-8
Evaluate (-2 + 3 - 9) + 4 + (7 - 2).
1
What is the value of 3 + -4 + 1 + 0 - (-17 + -19)?
36
35 + (-10 - -7) - (9 - 1)
24
-9 - (-5 - 3) - ((-7 - 4) + -21)
31
What is -1 + -1 + (-14 - -16 - (2 + -3))?
1
What is the value of (29 - -12) + -48 - (-6 + 0)?
-1
Evaluate (-14 - -2) + -53 + 54.
-11
What is the value of (1 + -3 - -4) + -1 - (-482 + 496)?
-13
What is the value of -8 + -6 - (-10 - (9 + (-26 - -3)))?
-18
17 + (-9 - (2 + -16 + 5))
17
Calculate -1 + 23 - ((5 - (4 + -12)) + -1).
10
What is the value of 568 + -594 + (-2 - -3 - 1)?
-26
Calculate (-8 + 2 - -15) + -4.
5
Evaluate -3 - 16 - ((4 - 1) + -9).
-13
What is the value of -33 - ((33 - 130) + 34)?
30
Evaluate 21 - (18 - 13) - 23.
-7
What is the value of 4 + (0 + 12 - 14 - (-2 + 1))?
3
7 + 1 + -25 + 21 - -13
17
Calculate -6 + 3 + 18 - (-3 + 9 + 0).
9
What is 6 + (16 - 4) - 9?
9
What is the value of -10 + 32 - (-21 - -39)?
4
(1 - (2 + -10) - 29) + (6 - 1)
-15
What is 0 - -1 - (-21 + 3) - (188 + -181)?
12
What is 3 + 0 + (-8 - -5) + 7 + -27?
-20
Evaluate (0 - 0) + 8 + (-24 - -8) + -1.
-9
What is the value of -27 + 20 - (-12 - -1)?
4
Calculate 9 - ((25 - 10) + -17).
11
Calculate -16 - (18 + -43 - 0).
9
What is the value of 17 - (29 - 4) - (7 + -5 - 43)?
33
-7 - (-6 - (8 - 1))
6
Evaluate -16 - -1 - (-102 + 102).
-15
What is the value of 5 - (16 + (3 - (10 + -16)))?
-20
Calculate -3 + (-14 - -11) + -1.
-7
Evaluate -29 + (3 - 6 - -32).
0
What is -15 + (21 - (-8 - -21)) - (-6 - -2)?
-3
Evaluate (-24 - -1) + (82 + -89 - (-7 + 2)).
-25
What is the value of 92 + -92 + 1 + -12 - (-1 - -5)?
-15
What is 9 - -1 - (3 - (-9 - -1))?
-1
Calculate -1 - 6 - -5 - (23 - 6 - 7).
-12
Evaluate 4 - -28 - (-39 - -77).
-6
What is 18 + -19 - ((-4 - -8) + 2)?
-7
What is the value of (-15 - (-10 - 0)) + 2 - (1 - 6)?
2
Evaluate (42 + -55 - 0) + 1 + 22.
10
What is the value of 0 + (3 - 6) - (20 + (-1 - 4))?
-18
Evaluate (-419 - -411) + (0 - 2) + -2.
-12
What is -253 - -272 - (23 + -3)?
-1
-12 - ((-67 - -73) + (3 - -2))
-23
What is (27 - -2) + (53 - 89)?
-7
(-60 - -37 - 40) + 33
-30
What is -2 + ((7 - 9) + 9 + 0 - 9)?
-4
Calculate -2 - (-22 - (10 + (0 + 10 - 9))).
31
Evaluate -3 + 2 + 1 + (2 - -6).
8
Evaluate -19 - (30 - 21 - 26).
-2
Calculate (-7 - 7) + 8 + -7 + (-3 - 0).
-16
What is 16 + (-4 + -3 + -40 - -8)?
-23
-8 + 1 + (4 + -10 - (0 + 1))
-14
What is (-5 - (2 + -9)) + -25 + 9?
-14
What is -7 - (2 - 2) - (58 + -40)?
-25
What is the value of (25 + -15 - 8) + -19 + 1?
-16
Evaluate (8 + 5 + -2 - -7) + -9.
9
What is 9 + (9 - 18 - (-9 - -2))?
7
What is the value of (-281 + 277 - (-3 + 0)) + 9?
8
8 - 5 - ((18 - 15) + (0 - -4))
-4
What is 10 + -2 + 8 + (14 - 13)?
17
What is (-6 - -12) + -8 - (2 + -4)?
0
18 - (-8 - (-24 - -9))
11
What is the value of 3 + 0 + -7 - (-23 + 24 + -8)?
3
What is the value of (-17 + 11 - 7) + 0?
-13
1 + -16 + (0 - -13) + (1164 - 1180)
-18
What is -17 + 19 + (7 - -18 - 1)?
26
What is the value of 8 + 13 + -20 + 18 - -5?
24
Evaluate (36 - -4) + -4 - (-162 + 155) - 8.
35
What is the value of -1 + -7 + 1 + 2 + (1047 - 1045)?
-3
Evaluate (6 - (-12 + 29) - -9) + 1.
-1
What is the value of (-8 - ((-1 - 11) + -7 + 15)) + 14?
10
What is the value of -5 - (20 - ((-5 + 12 - 19) + 22))?
-15
Calculate -12 - -1 - (-13 + 12 - (3 - -1)).
-6
Evaluate 358 + -364 - (0 - (10 - (2 - 1))).
3
What is the value of -3 + 6 + 5 - (-1 - -17)?
-8
Evaluate -34 - ((24 - 44) + 14).
-28
Evaluate 10 - (0 + 3 + 11 - 5).
1
(-19 - (-2 + -11)) + (0 - (2 + 0))
-8
Evaluate 27 - (16 + -17 + 46).
-18
What is the value of -22 + (7 - (-23 - -8))?
0
(22 - -8) + (8 - 4 - 8)
26
What is the value of (2 + -8 - -4) + (10 - -2)?
10
What is the value of (6 - (-6 - (2 - 24))) + -7?
-17
((-2 - 5) + 4 + 1 - -6) + -3
1
-13 + 2 + (95 - 94)
-10
Evaluate 1 + 0 + -76 + 76.
1
What is the value of 35 + -25 - (0 + 15)?
-5
-8 + 15 + 6 + (2 - 20)
-5
Evaluate 0 + -3 - (10 + -9 + -2 + -2).
0
Calculate (3 - -1 - 1 - -4) + (0 - -5).
12
Evaluate 16 + (9 - (15 + 2)).
8
What is -2 + 30 - (-160 - -171)?
17
Evaluate -32 - (17 + -2 + 0 + -19).
-28
Evaluate (0 - (14 + -2)) + -136 + 132 + 2.
-14
Calculate (32 + 1 - 21) + 1.
13
Calculate 52 + 33 + -48 + -5.
32
Evaluate (2 - 7) + (19 + 1 - 8 - -5).
12
-50 + (33 + -15 - -8)
-24
What is the value of 10 + -21 - (-13 - (-9 - -3))?
-4
0 + -1 - -7 - (2063 + -2055)
-2
What is -5 + 17 + (1 - 2 - (12 - 11))?
10
What is the value of 858 + -860 - (0 - (-12 - -1))?
-13
Calculate -21 - (-13 - -9) - -25.
8
What is the value of -1 - (-21 + 4) - (25 + -21) - 1?
11
-25 - (8 - (-29 + 54))
-8
Calculate -10 - -1 - (8 + (0 - (7 + 9))).
-1
Calculate -10 - 1 - ((-62 - 21) + 44).
28
What is the value of -42 - -54 - (9 + -4)?
7
Evaluate (10 - 14) + 9 + (0 - 10) - 3.
-8
What is -16 - -5 - (-4 + (0 - 1)) - -5?
-1
Calculate -6 - (-23 + 22 - -1).
-6
What is the value of -19 - (-26 - -16 - 3)?
-6
Calculate -10 + 74 + -80 + 0 + -1 